- 127. Let i(s) = 8*s**3 + 9*s**2 - 2*s + 2. Let y be i(t). Calculate the greatest common factor of 26 and y.
26
Let s be 16/12 + (0 - 1300/(-6)). Let q = -176 + s. What is the highest common factor of 63 and q?
21
Let v(c) = -2*c**2 - 3818*c - 22822. Let q be v(-6). Let i be 2/7 - (-1168)/28. What is the greatest common factor of q and i?
14
Suppose -10*b + 5746 = 5496. Calculate the greatest common divisor of b and 40.
5
Let b(j) = -j**2 + 27*j - 20. Let t be b(25). Let l be -20*t/4*14/(-140). What is the highest common divisor of 45 and l?
15
Let l be 15*21 + (450/(-135) - 2/(-6)). What is the greatest common factor of 42 and l?
6
Let t(i) = 39*i + 201. Let l be t(-3). Calculate the greatest common divisor of l and 756.
84
Let z = 196 + -108. Let c = z - 28. What is the greatest common factor of c and 84?
12
Suppose -5*t + 192 = 2*k, -27*t - 288 = -3*k - 32*t. What is the greatest common divisor of k and 5232?
48
Let o(p) = -5*p**2 - 187*p - 56. Let a be o(-37). Calculate the greatest common factor of 384 and a.
6
Let l = -1627 + 2433. Suppose 130 - l = -4*o. Suppose -o = -2*d - 17. What is the highest common divisor of 19 and d?
19
Suppose 2*l - 4*t + 60 = 5*l, -4*t = 5*l - 108. Suppose 126*d - 1520 = 370. Calculate the highest common factor of l and d.
3
Let u = -23 + 14. Let c be (-3)/u - ((-44)/3)/4. Suppose 2*f = h - 48, 0 = c*h + 3*f - 169 - 45. What is the highest common divisor of h and 78?
26
Suppose 2*y = -3*m + 3*y + 486, 0 = 5*m + 2*y - 788. What is the highest common factor of 256 and m?
32
Let i(n) = -n**3 - 6*n**2 + 5*n + 1. Let u be i(-5). Let z = u + 88. Calculate the greatest common factor of z and 78.
39
Suppose 1425 = -177*d + 196*d. What is the greatest common factor of d and 95?
5
Suppose -5*q + 50 = 3*t, -5*t - 5 = -6*t. Suppose 5*k - 22 = -q. Suppose 0 = k*r + 157 - 697. Calculate the greatest common divisor of r and 20.
20
Suppose 0 = 3*v + 6 - 72. Calculate the greatest common factor of 58 and v.
2
Let f = 7 + 129. Let o be f/24*(-2 - -5). Let d(n) = -n**3 - 11*n**2 + 13*n + 29. Let j be d(-12). What is the highest common factor of o and j?
17
Suppose -3*j + 26 = 4*p, 7*j - 16 = 4*j - 2*p. Suppose -j*i + 853 + 671 = 2*o, 0 = -5*o + 4*i + 3837. Calculate the highest common divisor of o and 45.
45
Let t be 12562/(-143) + 6/(-39). Let i(h) = 59*h - 2. Let o be i(6). Let j = o + t. Calculate the greatest common divisor of 24 and j.
24
Suppose -8*j = -3*j - 240. Suppose -j + 6 = 6*t. Let z = 12 + t. Calculate the highest common factor of z and 45.
5
Let q = -164171 - -164223. Suppose -4*k + 3*s = -111, 114 = 5*k - 2*s - 30. Let r = k + -17. What is the highest common divisor of r and q?
13
Let n(c) = -c**3 - 7*c**2 - 6*c + 5. Let h = 24 - 30. Let v be n(h). Suppose -59 = -2*g + i, 4*g - 84 = v*i + 31. What is the highest common factor of g and 6?
6
Suppose 11*w - 5508 - 6082 = w. What is the greatest common divisor of 95 and w?
19
Suppose -503 = -89*d + 6977 + 5870. What is the highest common divisor of 2750 and d?
50
Let z(r) = 2*r**2 + 25*r - 1320. Let u be z(42). Calculate the greatest common divisor of 72 and u.
18
Let s be (5 - -3359) + 3 + 14. Calculate the highest common divisor of s and 245.
49
Let g(v) be the second derivative of 4*v**3/3 - 16*v**2 + 339*v - 1. Let o be (-4)/((-1)/2*1). Let p be g(o). What is the greatest common divisor of p and 352?
32
Let u be (1 + 95/25)/(9/150). Let c = 94 - u. Calculate the greatest common factor of 2 and c.
2
Suppose 2*n - 5*z = -2*n + 4, -3*z = 0. Let p be 3172/24 + 15*n/18. What is the greatest common divisor of p and 14?
7
Let k = 20231 + -9566. What is the highest common divisor of k and 237?
237
Let s be (-1 - -21 - 0) + -2. Let q(a) = 394*a + 17 - 1 - 399*a. Let c be q(-4). What is the greatest common divisor of c and s?
18
Let t be (-1)/9 - (-36425)/1395. Calculate the greatest common factor of 3562 and t.
26
Let u = 266 + -193. Suppose u = -2*f + 385. What is the greatest common factor of 52 and f?
52
Let v be (0/4 + -8)/(-2). Suppose -2*w + 230 = -2*z, -116*w = -119*w + 4*z + 344. What is the highest common factor of v and w?
4
Suppose 62 = 5*l - 108. Suppose -a + 4*o = -3*a + l, -3*a + 5*o = -29. What is the greatest common factor of 104 and a?
13
Let w = -22 + 61. Let d = 6023 - 5516. Calculate the greatest common factor of d and w.
39
Let y be (-3 - 844)/(-7)*-3. Let u = y - -367. Calculate the greatest common divisor of 236 and u.
4
Suppose -189*m + 179*m = -480. What is the highest common factor of m and 2928?
48
Let j = 39 + -7. Let p be (j/(-10))/(2/(-10)). Suppose 18*b + 880 = -0*b + 40*b. Calculate the highest common factor of p and b.
8
Let q = 294 + -126. Suppose 450 - 1084 = -t. Let p = t - 610. What is the highest common factor of q and p?
24
Suppose 145 = -7*r + 3*j + 358, -6*r = 5*j - 175. Calculate the greatest common divisor of r and 6480.
30
Suppose 0 = 3*g - 343 + 88. Let x(l) = 9*l**2 + 19*l + 19. Let i be x(-1). Suppose -6*m = i*m - 510. What is the highest common factor of m and g?
17
Let i = 9726 + -8051. Let n = 79 - 54. Calculate the highest common divisor of n and i.
25
Suppose -13*o = -11*o - 0*o - 4906. Calculate the highest common factor of 33 and o.
11
Let l(w) = w**3 - w**2 + w + 4. Let b be l(8). Let k be 3/6 + (-316)/(-8) + 0. Calculate the greatest common factor of b and k.
20
Suppose 0 = 9*g - 4*g - 335. Let r = -980 - -952. Let i = g + r. Calculate the greatest common factor of i and 117.
39
Suppose 20 = 5*u - u. Suppose -o = -u*o + 20. Let f(z) = -35*z + 75. Let d be f(2). What is the highest common divisor of d and o?
5
Let x = 50 - 37. Suppose 16*o + x = 3*o. Let t be (99/(-6))/(o/8). What is the greatest common divisor of 22 and t?
22
Let n(h) = -50*h + 202. Let m be n(4). Calculate the greatest common factor of 2 and m.
2
Let g = -227 - -232. Suppose -y - 4*s + 492 = y, 3*y = g*s + 771. Calculate the greatest common factor of y and 21.
21
Let o = 1 - -39. Suppose 4*q = -2*s + o, -5*s + q = -2*q - 87. Suppose y + 12*c - 27 = 9*c, -105 = -5*y - 5*c. Calculate the highest common divisor of y and s.
18
Suppose -22*s + 16*s = 36. Let a be 9056/56 + s/(-21). Calculate the greatest common factor of 18 and a.
18
Suppose 4*g - 32 + 564 = 2*o, 0 = -3*o - 3*g + 825. Suppose -7760 = -1494*h + 2519 + 8228 + 5397. Calculate the highest common divisor of h and o.
16
Suppose -2*l = -3*m + 77, -2385*m = -2383*m - 2*l - 56. What is the highest common factor of m and 12579?
21
Let p(x) = 25*x + 34. Let k be p(2). What is the greatest common divisor of 4242 and k?
42
Let m be ((-455)/(-15) - 1)*-21. Let a = 651 + m. Let y = 14 + -7. Calculate the greatest common divisor of y and a.
7
Suppose 2*p = 4*f + 320, p + 3*p = 2*f + 616. Suppose p*z - 400 = 147*z. What is the greatest common factor of z and 20?
20
Let d(r) = -105*r - 31. Let n be d(4). Let w = -388 - n. Let g = 9 - 2. Calculate the greatest common factor of g and w.
7
Let v be (6/(-24))/((-4)/64 - 0). Let f(c) = -16*c**3 + c**2 + 2*c + 1. Let t be f(-1). Let o = -12 + t. Calculate the highest common divisor of v and o.
4
Suppose 13380 = 21*m - 13458. Calculate the highest common divisor of 396 and m.
18
Let g = 144 - 8. What is the highest common factor of 2516 and g?
68
Suppose 0 = 3*k - 190 - 4562. Suppose k = 2*a + 14*a. Calculate the greatest common divisor of 22 and a.
11
Let j = 29 - 18. Suppose -27*w + 31*w - 2*g = 16, 0 = g. Suppose -w*u + 314 + 3 = 3*t, 5*u = 3*t - 272. Calculate the greatest common factor of t and j.
11
Let r(x) = -754*x - 11279. Let w be r(-15). What is the highest common divisor of w and 8711?
31
Let b = -55248 - -102464. What is the highest common divisor of 13 and b?
13
Suppose 0*l - 44 = -2*l - 4*w, 5*l - 130 = -5*w. Let b(q) = q**2 - 144*q - 11490. Let c be b(-60). What is the highest common factor of l and c?
30
Suppose -3*z + 5*r + 391 = 0, 49*z - 44*z + 5*r = 665. Calculate the highest common factor of z and 23628.
132
Let b = 62737 - 62731. Let f(n) = n**2 + 6*n + 8. Let v be f(-6). What is the greatest common factor of b and v?
2
Let w be 3/6*20*-4. Let s be 4198/w*-4 - 4/(-20). Calculate the greatest common factor of 20 and s.
20
Suppose -o + 5*q = -2, 0*q - 4*q - 4 = 0. Let y be 4*15 - (-12)/o. Suppose 8*w - 26 = 30. What is the highest com